e -3*x + 5*o - 1 + 11 = 0, -42 = -5*x + 2*o. Let l = x + -1. What is the remainder when ((-8)/6)/((-11)/198) is divided by l?
6
Let t(f) = f**3 - 5*f + 4. Let u be (-20)/(15/(-3)) - 1. Calculate the remainder when 30 is divided by t(u).
14
Let f = 50 - 35. Suppose 1412 = 23*n + 162 + 123. Calculate the remainder when n is divided by f.
4
Suppose 5*t = -1 + 66. Let o = 30 - t. Suppose o = 4*z - w, -2*z + 0*z + 5*w + 31 = 0. What is the remainder when 5 is divided by z?
2
Let v(s) = s + 14. Let w be v(0). Suppose w = -4*m + 86. Suppose -2*u - m = -5*u + 3*d, 0 = -5*u - 5*d - 10. What is the remainder when 3 is divided by u?
1
Let v = -7 + 15. Calculate the remainder when ((11/4)/11)/(1/152) is divided by v.
6
Let o = -54 + 31. Let f = o + 25. Suppose 0 = -2*y + f + 12. Calculate the remainder when 19 is divided by y.
5
Let m(v) = -26*v**2 + v - 1. Let s be m(-2). Let x = -74 - s. Let c = 27 + -15. What is the remainder when x is divided by c?
9
Suppose 0 = 3*l + p - 33, -33 = -3*l + 5*p - 4*p. Suppose 2*w - l = 11. What is the remainder when 63 is divided by w?
8
Let f = -45 - -52. Let c = 39 - 20. What is the remainder when c is divided by f?
5
Calculate the remainder when 20/(-16)*168/(-6) is divided by (-1 + 21/6)*4.
5
Let a(b) = 7*b**2 + 2*b - 4. What is the remainder when 586 is divided by a(2)?
26
Suppose 5*u - f - 462 = 0, -3*u + 5*f = f - 267. What is the remainder when u is divided by 16?
13
Let q(j) = 2*j**2 + 21*j + 66. Let f = -28 - -73. Let p = -11 + f. Calculate the remainder when p is divided by q(-6).
10
Let b = -320 - -332. What is the remainder when 19 is divided by b?
7
Suppose -24*a = -16*a - 544. What is the remainder when 263 is divided by a?
59
Let f(o) be the second derivative of -4*o**3/3 + o**2/2 - 4*o. Let q be f(1). Calculate the remainder when 68 is divided by -48*(28/8)/q.
20
Suppose 4*w = 4*t + 60, 4*w - 102 + 36 = 2*t. Suppose -9*k = -4*k - 30. Calculate the remainder when 7/((-21)/(-12)) + w is divided by k.
4
Let j(t) = t**3 + 5*t**2 + 2*t + 3. Let f be (-9)/(-9) + 33*-1. Let x = f + 37. Calculate the remainder when j(-4) is divided by x.
1
Let w(r) = -r**3 - 3*r**2 - 5*r + 3. Suppose 5*m - 44 = 5*y + 51, -2*y - 10 = 0. What is the remainder when w(-4) is divided by m?
11
Suppose 32*v - 31*v = 67. Calculate the remainder when v is divided by 15.
7
Suppose 0*r - 4*r + 16 = 0. Suppose -r*j + j = -3*b - 138, -2*b + 143 = 3*j. Suppose 0 = 3*w - 10 - j. What is the remainder when w is divided by 5?
4
Let y(n) = -4*n + 5. Let v be y(0). Suppose v = -z + 26. What is the remainder when z is divided by 8?
5
Let r = 1569 - 857. Calculate the remainder when r is divided by 23.
22
Calculate the remainder when 124 is divided by (18 - (-6)/(-3))*2/2.
12
Suppose 25 - 58 = -s. Calculate the remainder when 64 is divided by s.
31
Let y(o) = o**3 + 14*o**2 + 2. Let r be y(-14). Suppose r*n - 48 = 94. What is the remainder when n is divided by 37?
34
Let a(j) = 24*j - 117. What is the remainder when a(6) is divided by 6?
3
Let h(n) = -3*n + 80. What is the remainder when 218 is divided by h(12)?
42
Suppose -80 = -2*z + 34. Let n be (-1)/(-4) + z/12. Suppose 3*c = n*c - 120. Calculate the remainder when c is divided by 16.
12
Suppose -5*k - 22 = 2*b, -b + 2*k - 3*k = 11. Let m = 11 + b. Let n = m + 5. Calculate the remainder when 14 is divided by n.
4
Suppose 5*p = 2*p - 2*w + 742, 4*p = -w + 996. What is the remainder when p is divided by 121?
8
Let u be 2/5 - (-396)/110. Let q(p) = 6*p - 15. Let i(l) = -34*l**3 - l**2 - 2*l - 1. Calculate the remainder when i(-1) is divided by q(u).
7
Suppose -2*s + s = 5*z - 92, 0 = -3*z. Calculate the remainder when 182 is divided by s.
90
Suppose 12*z = 23*z - 847. What is the remainder when z is divided by 26?
25
Let c = 121 - 118. Suppose 0 = c*w + 2*w + 3*q - 120, 96 = 4*w + 2*q. Calculate the remainder when w is divided by 13.
11
Suppose -63 = -3*l + w - 4*w, -5*w = -5*l + 105. What is the remainder when 144 is divided by l?
18
Let s be 2 - 0 - 114/38. Calculate the remainder when s + ((-38)/8 - -4)*-116 is divided by 22.
20
Suppose 3*h - 243 = -3*b, -4*h = 12*b - 17*b + 432. What is the remainder when 233 is divided by b?
65
Let y(b) = -b**2 - 8*b + 16. Let t be y(-14). What is the remainder when 67 is divided by (t/5)/(4/(-10))?
33
Let q(a) = 3*a**2 - 3*a - 3. Suppose 0 = -4*f + 2*f + 40. Suppose 2*k = -2*k - f. Calculate the remainder when q(k) is divided by 22.
21
Suppose 4*w = 3*b + 87, -3*w = -8*w - b + 104. What is the remainder when 38 is divided by w?
17
Suppose 7*s = -79 + 891. What is the remainder when s is divided by 32?
20
Suppose -3*a = -2*u + 2*a - 8, 5 = u + 2*a. Calculate the remainder when u/((0 + -5)/(-115)) is divided by 10.
3
Let q be (-16)/40 - (-756)/15. Suppose 0 = -4*m - m + q. What is the remainder when m is divided by 7?
3
Suppose 5*s - 2*s + n = 103, 3*n + 146 = 4*s. Suppose 3*r = 5*o + s, 3*o - 14 = -2*r + 4*o. Calculate the remainder when r is divided by 3.
2
Suppose 3*b + b - 108 = -2*z, -b - z = -27. Suppose -5*i = -i - 4*s - 184, -3*i - s = -150. What is the remainder when i is divided by b?
22
Let b = 463 - 339. What is the remainder when b is divided by 18?
16
Suppose 5*o - 5*z = 1275, 4*o - 749 = o - z. Calculate the remainder when o is divided by 42.
41
Let y(v) be the second derivative of v**5/20 - 11*v**4/12 + 5*v**3/3 + 15*v**2/2 - 20*v. Calculate the remainder when 55 is divided by y(10).
10
Let t(i) = -5*i - 1. Suppose x + 0*c - 72 = -c, 42 = x - 5*c. Suppose -x = -5*j + 303. What is the remainder when j is divided by t(-4)?
17
Let g(v) = 112*v + 481. Suppose -c = -3*y + 18, 0 = 4*y - 2*y + 2*c - 20. Calculate the remainder when g(-4) is divided by y.
5
Suppose -2*v + 142 + 104 = 0. Calculate the remainder when v is divided by ((75/(-12))/1)/((-6)/24) + -4.
18
Let i(k) = -k - 8*k**2 + 0*k + 38 + 6*k**2 + k**2. What is the remainder when 55 is divided by i(-6)?
7
Let r(x) = -2*x + 5. Let c be r(4). Suppose 8*w = 7*w + 6. What is the remainder when w is divided by (-1)/(c/2 + 1)?
0
Suppose 8*n = -579 + 755. What is the remainder when 482 is divided by n?
20
Let t = 157 - 102. Suppose -101 = -4*z + t. Let d = z + -26. What is the remainder when 24 is divided by d?
11
Suppose 3*f = 6*f + 6. Let x(q) = 6*q**2 + 2*q + 3. Let d = 155 - 142. Calculate the remainder when x(f) is divided by d.
10
What is the remainder when (-3)/4 + (-19728)/(-192) is divided by (-80)/(-3) - (-2)/(-3)?
24
Let u = 2867 + -2747. Calculate the remainder when u is divided by 25.
20
Suppose -4*h + 2*i + 422 = 0, 3*h + 6*i = 3*i + 339. Calculate the remainder when h is divided by 37.
34
Let l(i) = 5*i**2 - 5*i - 6. Let s be l(-5). Suppose 8 = -4*w + 2*r + s, r - 28 = -w. Calculate the remainder when w is divided by (-2)/((-19)/17 + 1).
15
Let y = -413 + 439. Calculate the remainder when 97 is divided by y.
19
What is the remainder when (3 - 522/12)*-2 is divided by 14?
11
Let j = -475 - -493. What is the remainder when 140 is divided by j?
14
Let y(c) = -2*c**3 - 18*c**2 - c - 7. Let h be (16/20*-1)/(2/25). What is the remainder when y(h) is divided by 41?
39
Suppose -4*v + 26 = -2*u, -v + 3*u = v - 3. Let z = 53 - v. What is the remainder when 85 is divided by z?
41
Let x = 7 + -2. Suppose -x*d = -8 - 12. Let s = 11 - d. Calculate the remainder when 25 is divided by s.
4
Let k(u) = -u**2 + 7*u - 9. Let h be k(6). Let q = h + 8. Let y(t) = -t + 10. Calculate the remainder when q is divided by y(7).
2
Let i = -5 - -14. Let g = 175 - 168. Calculate the remainder when 4/(-6) + 123/i is divided by g.
6
Let t be 18/12*2/(-3). Calculate the remainder when -2*(-54)/24*(-8)/(-3) is divided by (14/6)/(t/(-3)).
5
Suppose -20*h = -21*h + j + 55, -261 = -5*h - 2*j. What is the remainder when 81 is divided by h?
28
Suppose 4*j - 3*j - 49 = 0. What is the remainder when j is divided by (-1)/(((-2)/(-36))/(3/(-2)))?
22
Let u(l) = l + 78. Let k(s) = -4*s + 4. Let z(r) = r**3 - 6*r**2 - 7*r - 6. Let n be z(7). Calculate the remainder when k(n) is divided by u(-68).
8
What is the remainder when 46 is divided by 3 + (-22)/8 + (-332)/(-16)?
4
What is the remainder when 851 is divided by 49/4 + 67/(-268)?
11
Suppose -3*h - 51 = -3*b, -5*h + 35 - 25 = 0. What is the remainder when 85 is divided by 